13, what is 84 - -3060?
3114
In base 15, what is -50e55 + 2?
-50e53
In base 13, what is 3094 - 15?
307c
In base 3, what is 12 - -1101000?
1101012
In base 8, what is -136321 - -5?
-136314
In base 8, what is -12766 + 54?
-12712
In base 11, what is 11326 + 0?
11326
In base 2, what is -101 + -100000100011011110?
-100000100011100011
In base 15, what is 9432 + -35?
93ec
In base 11, what is 175aa - 0?
175aa
In base 13, what is -159c + 348?
-1254
In base 11, what is -284 - 134?
-408
In base 9, what is -1177 - -1544?
356
In base 15, what is -4ad5 + -3?
-4ad8
In base 6, what is 41133 - -21?
41154
In base 5, what is 10 - 42031023?
-42031013
In base 3, what is 1202021222 - 100?
1202021122
In base 7, what is -6661 - 32?
-10023
In base 8, what is 322653 - -4?
322657
In base 11, what is 43019 - -49?
43067
In base 15, what is 166 + 323?
489
In base 14, what is 1006 + 1ab?
11b3
In base 6, what is 3 + -21550342?
-21550335
In base 2, what is -10111101 + 1101111000000?
1101100000011
In base 14, what is -bbc7 - -15?
-bbb2
In base 12, what is 0 - 19437?
-19437
In base 10, what is -4 - -12685?
12681
In base 11, what is -5 + 9145?
9140
In base 12, what is -3948 - 2?
-394a
In base 14, what is 13cc - -15?
1403
In base 15, what is -ab - -143?
87
In base 12, what is -32bb0 + 3?
-32ba9
In base 10, what is 5362 + -1?
5361
In base 9, what is 3 + -72346?
-72343
In base 11, what is 3 + 1a910?
1a913
In base 10, what is -1403 + 1668?
265
In base 8, what is 0 - -7364?
7364
In base 2, what is 1101100101011 + 11101?
1101101001000
In base 16, what is -35c - 267?
-5c3
In base 10, what is 4 + -25614?
-25610
In base 3, what is -120111 - 10020?
-200201
In base 5, what is 1 + 2143444?
2144000
In base 4, what is -2120 - 3111?
-11231
In base 2, what is -1001 - -10100001?
10011000
In base 14, what is -16856 + -3?
-16859
In base 4, what is -10232101 + -3?
-10232110
In base 9, what is -10 + -32623?
-32633
In base 4, what is -3 - -203303222?
203303213
In base 13, what is -118 - 7ab?
-8c6
In base 7, what is -6 - -316354?
316345
In base 13, what is 4bc594 - 5?
4bc58c
In base 2, what is -1011011000000 - 1000?
-1011011001000
In base 12, what is -6ab2 - -1?
-6ab1
In base 2, what is -111100101010101110110 + -101?
-111100101010101111011
In base 7, what is -1 - -1203323?
1203322
In base 6, what is -33343004 + 0?
-33343004
In base 9, what is -4056 - -182?
-3764
In base 15, what is 2ab743 - 5?
2ab73d
In base 7, what is -1336565 + 2?
-1336563
In base 2, what is 10000001001110 - -110100?
10000010000010
In base 10, what is 464 + -2159?
-1695
In base 11, what is -7 + a805?
a7a9
In base 3, what is 2110220200002 + 11?
2110220200020
In base 7, what is -1216364 + -3?
-1216400
In base 6, what is 354 + 245?
1043
In base 16, what is -31 + 2d1d?
2cec
In base 13, what is -3306c - 4?
-33073
In base 5, what is -231002 - -3?
-230444
In base 8, what is -75605 - 5?
-75612
In base 15, what is -133 - 6c6?
-809
In base 13, what is -4 + b196?
b192
In base 11, what is 666 - 171?
4a5
In base 15, what is -59c - a4?
-651
In base 13, what is 1c - -104c?
106b
In base 7, what is -136142 - 24?
-136166
In base 7, what is 323141 + -1?
323140
In base 6, what is -45 - -132400?
132311
In base 15, what is -3 - 1284?
-1287
In base 7, what is -5 - 5221213?
-5221221
In base 9, what is -473228 + 3?
-473225
In base 7, what is -1 - -402366?
402365
In base 2, what is -1010 - -1010010101000?
1010010011110
In base 5, what is -10 + 412331?
412321
In base 5, what is 321224321 - 4?
321224312
In base 14, what is -1 + 73136?
73135
In base 5, what is -43300 - 144?
-43444
In base 8, what is 25073 - -36?
25131
In base 9, what is 17807 + -2?
17805
In base 8, what is 136243 + -1?
136242
In base 11, what is 3 - 71a5?
-71a2
In base 2, what is -1011100 - -11010111101100?
11010110010000
In base 5, what is -13204434 - -1?
-13204433
In base 6, what is 134 + 150?
324
In base 2, what is 11 - -101011001111101011?
101011001111101110
In base 13, what is -4c3 - -16c?
-354
In base 10, what is 2 - -71265?
71267
In base 6, what is -4205 - -1443?
-2322
In base 10, what is 542249 - 4?
542245
In base 15, what is -bb - -10?
-ab
In base 6, what is 5 - 22413?
-22404
In base 2, what is 111 + 10110100111101?
10110101000100
In base 8, what is 7 + 22300?
22307
In base 7, what is -32421 + -11?
-32432
In base 11, what is -11 - -915?
904
In base 5, what is -3 - -11024414?
11024411
In base 16, what is 0 - 43379?
-43379
In base 7, what is 10134330 + 3?
10134333
In base 9, what is 4 - -47686?
47701
In base 15, what is -5 + ab2d0?
ab2ca
In base 8, what is 0 + -453356?
-453356
In base 6, what is 124 - -1034?
1202
In base 16, what is 11 + -d63?
-d52
In base 14, what is 1 - -2850?
2851
In base 16, what is 1ff2 + a?
1ffc
In base 12, what is 6 - 2a25?
-2a1b
In base 13, what is -458 + -34c?
-7a7
In base 5, what is 1 + -44003322?
-44003321
In base 15, what is -80 - 7bc?
-84c
In base 6, what is -125400 + -23?
-125423
In base 6, what is 2133403 - 3?
2133400
In base 12, what is -4 + 28359?
28355
In base 10, what is -14 + 91754?
91740
In base 6, what is 250434 + -20?
250414
In base 7, what is 25 + -123155?
-123130
In base 14, what is 6b86 - 18?
6b6c
In base 3, what is 10101201122 + -10?
10101201112
In base 15, what is -1 - 4300b?
-4300c
In base 14, what is -40 - 4d04?
-4d44
In base 10, what is 407 - 26?
381
In base 2, what is 1000011001011100 - -100100?
1000011010000000
In base 15, what is 0 + 1877?
1877
In base 14, what is -7 - 486d?
-4876
In base 4, what is -21330120 - 21?
-21330201
In base 5, what is -2 + 2122442?
2122440
In base 14, what is 15b0 - -1d?
15cd
In base 13, what is -39233 - -1?
-39232
In base 7, what is -34634 - -4?
-34630
In base 2, what is 1101111 + 1100101000?
1110010111
In base 3, what is 100102200100 - -12?
100102200112
In base 3, what is -10100100 + 11?
-10100012
In base 3, what is 0 + -11100202001?
-11100202001
In base 3, what is 10 + 11210001122?
11210001202
In base 6, what is -14 - 24425?
-24443
In base 9, what is -162613 + -40?
-162653
In base 3, what is -1220 + 1101111001?
1101102011
In base 13, what is 5b + -8c46?
-8bb8
In base 14, what is 1a + -89cd?
-89b3
In base 2, what is -10110000001001 + 1?
-10110000001000
In base 4, what is -2322 + 1300?
-1022
In base 3, what is -11 + -11110002?
-11110020
In base 10, what is -134 + -1097?
-1231
In base 6, what is 4515 - -3024?
11543
In base 4, what is 103221 - 3032?
100123
In base 15, what is -12 + 3685?
3673
In base 10, what is 14 + -36489?
-36475
In base 4, what is -100 - 20120?
-20220
In base 2, what is 1 - -10001010010?
10001010011
In base 8, what is 0 - 666453?
-666453
In base 7, what is 13522 - -165?
14020
In base 10, what is -55 + -7917?
-7972
In base 12, what is 151 - -2b?
180
In base 5, what is 20 + 10142433?
10143003
In base 9, what is 3 + 143753?
143756
In base 9, what is -66083 - -11?
-66072
In base 6, what is 101453 + 3?
101500
In base 6, what is 14 - -2020?
2034
In base 9, what is -1 + -636822?
-636823
In base 3, what is 10001002111010 - 11?
10001002110222
In base 2, what is -11001110 + -11101001?
-110110111
In base 6, what is 35 - -3021531?
3022010
In base 11, what is -6 - -105138?
105132
In base 9, what is 22 + -262462?
-262440
In base 8, what is -1551 + 1121?
-430
In base 6, what is -120023 - -11?
-120012
In base 15, what is -4 + 79c?
798
In base 7, what is -35426 + -2?
-35431
In base 8, what is -427 + -533?
-1162
In base 4, what is 113 - -30110001?
30110120
In base 12, what is -351 + ba5?
854
In base 2, what is -100010000010 + 10111?
-100001101011
In base 16, what is 3d0 + 98?
468
In base 7, what is 13205 + 66?
13304
In base 14, what is a - 423?
-417
In base 4, what is 10 + 21021332?
21022002
In base 11, what is 15259 + -102?
15157
In base 10, what is -422149 - -3?
-422146
In base 12, what is -a27928 - -5?
-a27923
In base 3, what is 11111111220112 - 0?
11111111220112
In base 8, what is 0 + 43601?
43601
In base 9, what is -762 + -85?
-857
In base 16, what is -6 - -11044c?
110446
In base 10, what is 166456 - -2?
166458
In base 2, what is 1 - -1101010011?
1101010100
In base 3, what is -10011102 + -10?
-10011112
In base 14, what is 2 - a3d16?
-a3d14
In base 10, what is 9 - 290370?
-290361
In base 11, what is -3aa1 + 134?
-3968
In base 4, what is 1111 - 203?
302
In base 9, what is -200 + 1567?
1367
In base 8, wha